 be o(1). Suppose -2*j - 1 + 25 = r. Suppose 3*p = -p + j, 5*c + 5*p - 30 = 0. Calculate the greatest common factor of 2 and c.
1
Let k = -12 - -21. What is the highest common divisor of 36 and k?
9
Suppose 0 = -q + 49 - 3. Calculate the greatest common factor of q and 69.
23
Let q(r) = 4*r**2 - 4. Let i be q(-4). Let j be 3/5 + 126/(-10). Let n = j - -18. What is the highest common divisor of n and i?
6
Suppose 21*z = 26*z - 65. What is the highest common divisor of z and 65?
13
Suppose -5*k = 16 - 1, 3*k + 21 = u. Calculate the greatest common factor of 30 and u.
6
Suppose -5*s - 13 = d, -11 = 3*s - 2. What is the highest common factor of 4 and d?
2
Let n = 24 + 0. What is the greatest common factor of n and 6?
6
Let o = 54 + -6. What is the highest common divisor of o and 24?
24
Suppose 5*k - 2*l + 4*l = 16, -5*k + 5*l = 5. Suppose -11 = g - 5*x - 76, -k*g + x + 130 = 0. What is the highest common divisor of 26 and g?
13
Suppose -4*n - 3*p + 279 = 0, -2*n - p - 4*p + 157 = 0. Calculate the greatest common factor of 33 and n.
33
Let w(g) = -5*g**3 - g**2 + g + 1. Let v be w(-1). Let a(q) = 3*q**2 + 7*q - 6. Let k be a(v). Calculate the greatest common factor of k and 14.
14
Let q(b) = -99*b**3 + 2*b + 1. Let g = -5 + 4. Let v be q(g). Calculate the highest common factor of v and 14.
14
Let k be 123/9 - (-20)/15. Calculate the highest common factor of 120 and k.
15
Suppose 280 - 1864 = -9*b. What is the highest common factor of b and 22?
22
Suppose 0 = -4*x - 74 + 202. Calculate the greatest common divisor of 8 and x.
8
Let k be (96/(-10))/((-72)/480). Calculate the highest common factor of 160 and k.
32
Let t(p) = 28*p**2 - 1. Let m be t(-1). Suppose 0 = 5*b - 2*b - m. Let k be (-37)/(-4) - 1/4. Calculate the greatest common divisor of b and k.
9
Suppose 504 = -0*a + 2*a. Suppose a = j + 2*j. Calculate the highest common divisor of 12 and j.
12
Let v(d) = 3*d - 18. Let l be v(14). Suppose 2*o + 2 = -5*b, -2*b - 2 = -2*o + 10. Let i be o/(-6) + 76/6. What is the greatest common factor of i and l?
12
Let p be 127/3 - (-1)/(-3). Suppose 4*c + 47 = 11. Let h be (-124)/(-6) - 3/c. What is the highest common divisor of h and p?
21
Let r(c) be the second derivative of -c**4/12 + c**3 - c**2/2 - 4*c. Let o be r(4). Let l be (0 + -3)*11/(-33). What is the greatest common divisor of l and o?
1
Let s(d) = -d**3 + 8*d**2 + 4*d + 8. Let a be s(6). Let q = a - 29. Suppose 0 = v + 5 - 20. Calculate the highest common factor of v and q.
15
Let q(b) = -3*b**3 - b**2. Let d be q(-1). Suppose -2 - 2 = -d*y. Calculate the highest common divisor of 4 and y.
2
Suppose -5*g + 3*n + 368 = 2, 240 = 3*g + 5*n. Suppose 0 = 2*m - 5*d - 15, 2*m - 4*d + 6 = 24. Calculate the greatest common factor of g and m.
15
Suppose 0 = -3*v, 4*z = 5*z + v - 10. What is the greatest common divisor of 80 and z?
10
Let t(f) = f**2 - 4*f + 3. Let k be t(4). What is the highest common factor of k and 3?
3
Let j be (9 - 4 - 1) + 140. Calculate the highest common factor of j and 48.
48
Suppose -93*a - 6 = -95*a. Let o(g) = -g**3 + 4*g**2 + 2*g + 4. Let j be o(4). Calculate the greatest common divisor of a and j.
3
Let f = -7 - -47. What is the greatest common divisor of f and 16?
8
Let s(q) = -q**2 + 7*q - 6. Let k be s(4). Calculate the highest common divisor of k and 30.
6
Suppose 11*h = 57 - 24. Suppose 5*w = -3*u - 127, -4*u - w - 146 = w. Let r = u - -67. What is the greatest common divisor of r and h?
3
Suppose 0 = 4*g + n - 27, 5*n + 9 = -g - g. What is the highest common factor of 1 and g?
1
Let w = 58 - 54. What is the greatest common factor of 1 and w?
1
Let a = -153 - -207. Calculate the greatest common factor of 72 and a.
18
Suppose 5*k + 4*g = 16 + 25, -4*g - 31 = -3*k. Calculate the highest common divisor of 3 and k.
3
Let q(h) = 5*h. Suppose -8*f + 8 = -4*f. Let r be q(f). Calculate the highest common divisor of r and 10.
10
Let b be ((-24)/(-15))/((-2)/(-10)). Let q = b + 1. Calculate the greatest common factor of 1 and q.
1
Suppose -2*m + 163 = -47. Let l(q) = q**2 + q + 1. Let w be l(4). Calculate the highest common factor of m and w.
21
Suppose 2*a - 147 - 53 = 0. Suppose -95 = 7*f - 2*f. Let m = -9 - f. Calculate the greatest common factor of a and m.
10
Let b(z) = -z**3 + 7*z**2 - 4*z + 6. Let q be b(6). What is the highest common factor of 18 and q?
18
Let o be 1/((-1)/(-140)*7). Let y = -3 - -7. Calculate the highest common divisor of y and o.
4
Let w(o) = o**2 + 2*o + 80. Let f be w(0). What is the highest common divisor of f and 10?
10
Let c = -2 + 4. Let p be (-1 + 0)/(c/(-10)). Suppose 5*k = -m + 78, 10*m = -5*k + p*m + 70. Calculate the highest common divisor of k and 32.
16
Suppose -4*c = -29 - 55. Let m be 9 + ((-6)/(-3))/(-1). What is the greatest common divisor of m and c?
7
Let g = -31 - -43. What is the greatest common factor of g and 4?
4
Suppose 0 = y - 5 - 19. What is the greatest common divisor of y and 72?
24
Let u be -2 + 2*4 - 2. Suppose 5*x + 0*v = -v + 18, u*v = -5*x + 12. Let o be (-668)/(-44) - x/22. Calculate the greatest common divisor of 10 and o.
5
Let m be (252/60 + (-1 - 2))*5. Calculate the greatest common factor of m and 9.
3
Let i(a) be the first derivative of 2/3*a**3 + 4*a - 7/2*a**2 + 2. Let p be i(5). Calculate the highest common divisor of 133 and p.
19
Suppose 0 = -5*t + x + 9, 5 = t + 2*x + 1. Let o(q) = -q**2 - t + 8*q**3 + 0*q + 3 + 0*q. Let h be o(1). What is the greatest common divisor of h and 72?
8
Suppose -175 = -8*r + 225. What is the greatest common divisor of r and 20?
10
Let a = -9 + 41. Let t = a + -2. Calculate the highest common factor of t and 6.
6
Let r = 30 - 17. Let l = r + -8. Suppose -b + l*d - 23 = -4*b, -b = -2*d + 7. What is the highest common divisor of 3 and b?
1
Let x = -22 + 30. Suppose -4*n + 8 = -5*a, -3*n + 2*a + 2 + 4 = 0. Suppose 17 - 81 = -n*k. Calculate the highest common divisor of x and k.
8
Let f = 35 + -31. Let b(t) = -t + 1. Let h(a) = 4*a. Let s(x) = 5*b(x) + h(x). Let m be s(f). Calculate the highest common divisor of 9 and m.
1
Let f = 32 - 12. Suppose f = 4*d + 3*h, -3*d = -h - 38 + 10. What is the greatest common factor of 24 and d?
8
Suppose -4*x = h - 5*h - 12, -39 = -4*x - 5*h. Calculate the highest common divisor of 15 and x.
3
Suppose 2*j = 2*h + 4, 16 = h + h + 2*j. Suppose -5*v = 2*y + h*y, 0 = -3*y + 2*v + 10. What is the highest common divisor of y and 4?
2
Let v = 8 - 3. Let x = 7 - v. Let s(g) = 4*g**2 - 4*g + 3. Let y be s(x). Calculate the highest common factor of y and 22.
11
Let a be 35 + (15/5 - -1). What is the highest common factor of 13 and a?
13
Suppose g = 2*g - 60. What is the highest common divisor of 24 and g?
12
Suppose 9 = -4*v - 3*r - 10, 0 = v + 4*r + 8. Let x be (1/v)/((-7)/476). What is the highest common factor of x and 153?
17
Let x be (-360)/(-32) - (1 + 6/(-8)). What is the greatest common factor of x and 99?
11
Let x(m) = m**3 - 8*m**2 + 2*m - 10. Suppose -3*n = -n + 168. Let g be (-4)/10 + n/(-10). Let a be x(g). What is the highest common factor of a and 24?
6
Let v be (-2)/(-1*(-4 + 2)). Let s be v*(-40 - (1 - 2)). Suppose c - k - 3 = -0*k, 3*k = -5*c + s. Calculate the greatest common divisor of 6 and c.
6
Let o(t) = 2*t**2 + 14*t + 10. Let i be o(-7). Calculate the highest common factor of i and 160.
10
Let i = -2 - -20. Let q = -11 + i. What is the highest common divisor of 21 and q?
7
Suppose 2*x - 52 = 5*r - 2*x, 0 = 5*r + 4*x + 28. Let s = -7 - r. Let z = 41 - s. Calculate the greatest common factor of 10 and z.
10
Suppose -3*o + 8*o = 2*u - 9, 2*u - 30 = -2*o. Let i(f) = -2*f + u + f + 0*f. Let a be i(7). What is the highest common divisor of a and 15?
5
Let r be 2/5 + (-332)/(-20). What is the highest common divisor of r and 187?
17
Suppose 4*o = 4*t + 84, -4*o - t + 76 = 3*t. Let g be (1 + (-35)/(-15))*54. Calculate the highest common factor of o and g.
20
Let u = 9 - 9. Suppose -2*x + u*p = -2*p - 22, -p + 21 = 3*x. What is the greatest common factor of x and 1?
1
Let r = -11 + 7. Let g = 0 + r. Let u be 32/6 + g/(-6). Calculate the highest common divisor of u and 6.
6
Suppose 4*r - 200 = 400. Calculate the highest common divisor of r and 60.
30
Let v be (-2)/3 - (-268)/6. Let l = 19 + -15. Suppose -l*m = -b - v, -15 = 4*m - 5*b - 75.